 299 = 5*k - 3*g, -5*k - 12 = g - 299. Let u = -2 + 5. Suppose -u*h = 2*p - 79, -p + 0*p + 54 = 2*h. Calculate the greatest common divisor of h and k.
29
Let c(a) = -246*a - 38. Let h(x) = -82*x - 13. Let r(v) = -3*c(v) + 8*h(v). Let z be r(3). Suppose 6*p = 8*p - z. What is the highest common factor of 16 and p?
16
Let p = 162 - 129. Let n be 8/60*p*105. Suppose 25*c + n = 27*c. Calculate the greatest common divisor of 21 and c.
21
Suppose 9*y + 5*y + 4*v - 2918 = 0, -4*y - 5*v + 853 = 0. Let s = 80 - 57. Calculate the greatest common factor of y and s.
23
Let a be -14*3*2/(-4). Let s(k) = 2*k**3 + 352*k**2 - 351*k + 538. Let b be s(-177). Calculate the greatest common divisor of b and a.
7
Suppose -p + 3*f + 134 = 0, -4*p - 181 = -f - 695. What is the greatest common divisor of p and 12?
4
Let s(a) be the first derivative of -42 - 1/3*a**3 + 40*a + 13/2*a**2. Let t be s(12). Calculate the highest common divisor of 8 and t.
4
Let l = 108 + -99. Let t be (-4)/(-20) - 328/(-10). Suppose -87 + t = -l*w. Calculate the highest common factor of w and 8.
2
Let h = -68 - -475. Let g be 246/164 - 1*h/(-2). What is the greatest common divisor of g and 123?
41
Suppose 5*x - 280 = -4*j, 4*x = 2*x. Suppose 124*p = 126*p - j. Calculate the highest common divisor of 7 and p.
7
Suppose 75 = 5*b + 55, 0 = -5*x - b + 49. Suppose -a - a = -3*d - 1074, -4*a + 3*d = -2136. Calculate the highest common factor of a and x.
9
Let s be (60/(-240))/((-2)/(-16)). Let l be (0 + 1)*7 - s. Let m be -1 - (2 + (-85 - -1)). What is the greatest common divisor of m and l?
9
Suppose 0 = 2392*k - 2391*k - 73. What is the highest common factor of k and 7957?
73
Let k = -1 + -25. Let j = 14 - k. Suppose -22 = -3*x + 8. What is the highest common factor of j and x?
10
Let d be 2 + (-60)/35 - 312504/(-406). Calculate the highest common factor of 330 and d.
110
Let b(r) = 242 - 26*r + r**3 - 2*r**3 - 6*r - 231 - 32*r**2. Let h be b(-31). Calculate the highest common factor of h and 56.
14
Suppose -14*x + 340 = 3*x. Let b(i) = i + 34. Let a be b(x). Calculate the highest common factor of a and 3.
3
Let c(u) = 5*u - 19. Let x be c(7). Let h be (-8)/20 + x/(-10). Let g be (8 - -3)/(h/(-12)). What is the greatest common factor of 22 and g?
22
Suppose 2*k + 2*y + 0*y = 436, -5*k + 1130 = -3*y. Let f = 313 - k. Let q = -1009 + 1045. What is the highest common factor of f and q?
18
Let i(k) = 2*k**2 - 2*k - 6. Let b = 36 + -30. Suppose 5*u - 7*u = b. Let r be i(u). What is the highest common divisor of r and 12?
6
Suppose 7*u - 4*u = r + 62, 2*r = u - 24. Let i be 1392/(-29) + 43 - -90. Calculate the greatest common divisor of u and i.
5
Let i(z) = 146*z - 44. Let f be i(7). Let q = -969 + f. What is the greatest common divisor of q and 3?
3
Suppose -198*g = -2889 - 22059. Let z(t) = 57*t**2 - t. Let x be z(1). What is the greatest common factor of g and x?
14
Let r(v) = v**2 - 7*v + 319. Let a be r(0). Suppose -279 = 5*x - a. Calculate the highest common factor of x and 240.
8
Let z be (-7)/35 + 3/15. Suppose -9*j + 21*j - 3192 = z. What is the greatest common factor of j and 14?
14
Suppose 2*o = 5*p - 1168, -185*p + 182*p + 696 = -2*o. Calculate the highest common factor of 60 and p.
4
Let r be 6132/10*1140/152. Calculate the highest common factor of r and 7.
7
Suppose -2*f = 5*l - 105, 744*f - 741*f + 84 = 4*l. Calculate the greatest common factor of 1379 and l.
7
Suppose 83*a - 81*a = 5*x - 143, -x + 5*a + 24 = 0. What is the highest common factor of 7859 and x?
29
Let k(t) = 2*t + 40. Let w be k(-18). Suppose w*p + p = 270. Let g be ((-18)/12)/((-3)/p). What is the greatest common divisor of 3 and g?
3
Suppose 40 = -7*m + 68. Suppose 0 = -19*l - m*l + 414. Suppose 259 = y + 25. What is the greatest common factor of l and y?
18
Let o be (8 - 7)/((-8)/(-256)). Let b be -6*(3/(-2))/1. Let u = o - b. Calculate the greatest common factor of 23 and u.
23
Let c(x) = x**3 + 9*x**2 + 18*x + 2. Let a be c(-6). Suppose 6*n - 3*n = -a*o + 39, -42 = -2*o - 2*n. Calculate the highest common divisor of o and 168.
24
Let y = -204 - -162. Let p be y/9*150/(-20). What is the highest common factor of 5 and p?
5
Let z be 24/60*(-165)/(-6). Suppose -z*p + 720 = -6*p. What is the greatest common divisor of p and 64?
16
Let x = 334 - -9. Let p = x - 294. What is the highest common divisor of 28 and p?
7
Let a = 137 + -134. Suppose q = -b + 91, 2*b - 207 + 29 = -a*q. Suppose 0 = -t + b - 31. Calculate the greatest common factor of 16 and t.
16
Let p(n) be the third derivative of -3*n**5/20 + 119*n**4/24 - 25*n**3/6 + 238*n**2. Let i be p(13). Calculate the highest common divisor of i and 17.
1
Let c(y) be the first derivative of 11*y**2/2 - 21. Let t be c(7). Calculate the highest common factor of t and 22.
11
Suppose -17*y + 99*y = 984. What is the greatest common factor of 225 and y?
3
Let a(v) = 1649*v - 1149. Let s be a(1). What is the greatest common factor of 55 and s?
5
Let d(a) = -1. Let x(z) = -10*z - 4. Let f(n) = 4*d(n) + x(n). Let b be f(-8). Let g be (-4)/12 - 56/(-6). What is the greatest common factor of g and b?
9
Let s(l) = 2*l**3 - 143*l**2 - 367*l - 62. Let d be s(74). Calculate the greatest common divisor of d and 720.
80
Suppose 9*j - 775 = 107. What is the greatest common divisor of j and 2?
2
Suppose -24*o + 23*o + 26*o = 62300. What is the greatest common divisor of o and 1602?
178
Let i be (-2)/8 - (-513)/36. Suppose -4*j + i = -j - l, -5*j + 14 = -4*l. Let a be 4/j + (-5)/(-45)*57. What is the greatest common divisor of 126 and a?
7
Let b = -1776 - -2037. Let i = -96 - -444. What is the greatest common factor of b and i?
87
Suppose -90*l = -91*l - 5*z + 104, -l = -4*z - 131. What is the greatest common divisor of l and 189?
7
Let c(s) = -31*s - 1904. Let h be c(-93). Calculate the highest common divisor of h and 55.
11
Let w be (-2*1)/(46/8073). Let a be (-54)/w - 102/(-13). Calculate the greatest common factor of a and 376.
8
Suppose -4*z + 5*k - 14 = 81, -3*z - 79 = 4*k. Let x be z/10*(-96)/20. Calculate the greatest common factor of 1428 and x.
12
Let o = 7125 + -6129. What is the highest common factor of o and 48?
12
Let o be (-2)/(8/(-19)) + (-4)/(-16). Suppose 0 = o*s - 5, -s = 3*a - 6*s - 175. Calculate the highest common factor of 40 and a.
20
Let d(o) = o**3 + 6*o**2 + 6*o + 12. Suppose 48 = -12*v - 4*v. Let w be d(v). What is the greatest common factor of 399 and w?
21
Let s be 10 + -3 + -3*(-308)/3. What is the highest common factor of s and 980?
35
Let a be 2/(-3 - -4) - 0. Suppose a*u = -2*u. Suppose 780 = -u*x + 6*x. What is the highest common factor of 13 and x?
13
Suppose 731 = 5*l + v, 0 = -3*l - v - 235 + 672. Let k = -264 + 302. Suppose k*x + 210 = 476. What is the highest common factor of x and l?
7
Suppose -n = -b + 11 - 17, n - 3*b - 10 = 0. Suppose -n*x = -20, 16*p - 11*p - 2*x - 3440 = 0. Calculate the greatest common divisor of 30 and p.
30
Suppose 2*w - 1678 = -g, -4*g + 25 + 6657 = 2*w. What is the greatest common divisor of g and 48?
12
Let t = 74 - 71. Suppose 3*o = -b - 2*b - 87, -t*o - 9 = 0. Let m = 72 + b. Calculate the greatest common divisor of 115 and m.
23
Suppose -20*k - 14604 + 80964 = 0. What is the greatest common factor of k and 42?
42
Let r = 247 - 260. Let q be 17*-2*(r + 7). Calculate the greatest common factor of 24 and q.
12
Let f be (-232)/3*((-44361)/36)/31. Calculate the greatest common divisor of f and 424.
106
Let c(v) = v**3 + 55*v**2 - 113*v + 112. Let l be c(-57). Let p = 33 + -22. Calculate the greatest common divisor of l and p.
11
Suppose 0 = -236*q + 232*q + 96. Suppose -q*g - 21*g + 450 = 0. Calculate the highest common divisor of g and 20.
10
Let u = -496 - -661. What is the highest common factor of 429 and u?
33
Let k = -17340 + 18015. What is the highest common factor of 621 and k?
27
Let t be 9 - (19376/(-49) - 40/70). Calculate the greatest common divisor of 351 and t.
27
Suppose 0 = -3*h - 6 + 12. Let m = -315 + 317. What is the greatest common factor of h and m?
2
Suppose -3*c - y = -76, 88 = c + 2*c + 4*y. Let f be -4 + 1 + (-1 - -2) + 230. What is the highest common factor of f and c?
12
Let p be (6 - 11) + 50 + -1. Suppose 37*o - 39*o = -4, 0 = 5*f + 2*o - 829. Calculate the highest common factor of p and f.
1